{"id":18,"date":"2014-03-16T15:26:12","date_gmt":"2014-03-16T13:26:12","guid":{"rendered":"http:\/\/jakobbecher.dernbach-online.com\/mvalp\/?page_id=18"},"modified":"2025-07-23T06:38:47","modified_gmt":"2025-07-23T04:38:47","slug":"kartenvorverkauf-tischreservierung","status":"publish","type":"page","link":"http:\/\/alpengaudi-dernbach.de\/?page_id=18","title":{"rendered":"Kartenvorverkauf"},"content":{"rendered":"<p>Start Vorverkauf am Dienstag, 29.07.2025. Ab diesem Tag gibt es dann Karten im Salon Schlemmer und bei allen Aktiven des Musikverein Dernbach. Preis f\u00fcr die Karte im Vorverkauf 14 EUR. Sollte es eine Abendkasse geben werden dann 17 EUR Eintritt f\u00e4llig. In diesem Jahr bieten wir einen Sonderpreis f\u00fcr die Reservierung eines ganzen Tisches an. Dieser kostet 100 EUR f\u00fcr 8 Karten. Auch ein halber Tisch kann zum Preis von 50 EUR f\u00fcr 4 Karten reserviert werden. Bei halben Tischen teilen wir euch einen Tisch zu.<\/p>\n<p>Weiterhin k\u00f6nnt ihr euch per E-Mail an <a href=\"mailto:kartenvorverkauf@alpengaudi-dernbach.de\"> kartenvorverkauf@alpengaudi-dernbach.de<\/a> \u00a0wenden. Ihr erhaltet dann eine E-Mail von uns in der wir euch unsere Bankverbindung mitteilen. Nach dem Geldeingang erhaltet ihr die Karten dann per Post. Bitte gebt also bei eurer Bestellungsemail eure Postadresse an. F\u00fcr den Versand berechnen wir pro Bestellung 2 EUR.<\/p>\n<p>Solltet ihr reservierte Pl\u00e4tze w\u00fcnschen k\u00f6nnt ihr euch diesbez\u00fcglich hier informieren: <a href=\"http:\/\/alpengaudi-dernbach.de\/?page_id=90\">Tischreservierung <\/a>F\u00fcr alle die nicht reservieren m\u00f6chten halten wir einen Bereich an reservierungsfreien Pl\u00e4tzen frei. Hier ist am Veranstaltungstag fr\u00fches erscheinen empfehlenswert!<\/p>\n","protected":false},"excerpt":{"rendered":"<p>Start Vorverkauf am Dienstag, 29.07.2025. Ab diesem Tag gibt es dann Karten im Salon Schlemmer und bei allen Aktiven des Musikverein Dernbach. Preis f\u00fcr die Karte im Vorverkauf 14 EUR. Sollte es eine Abendkasse geben werden dann 17 EUR Eintritt f\u00e4llig. In diesem Jahr bieten wir einen Sonderpreis f\u00fcr die Reservierung eines ganzen Tisches an. [&hellip;]<\/p>\n","protected":false},"author":2,"featured_media":0,"parent":0,"menu_order":0,"comment_status":"closed","ping_status":"closed","template":"","meta":{"footnotes":""},"class_list":["post-18","page","type-page","status-publish","hentry"],"_links":{"self":[{"href":"http:\/\/alpengaudi-dernbach.de\/index.php?rest_route=\/wp\/v2\/pages\/18","targetHints":{"allow":["GET"]}}],"collection":[{"href":"http:\/\/alpengaudi-dernbach.de\/index.php?rest_route=\/wp\/v2\/pages"}],"about":[{"href":"http:\/\/alpengaudi-dernbach.de\/index.php?rest_route=\/wp\/v2\/types\/page"}],"author":[{"embeddable":true,"href":"http:\/\/alpengaudi-dernbach.de\/index.php?rest_route=\/wp\/v2\/users\/2"}],"replies":[{"embeddable":true,"href":"http:\/\/alpengaudi-dernbach.de\/index.php?rest_route=%2Fwp%2Fv2%2Fcomments&post=18"}],"version-history":[{"count":17,"href":"http:\/\/alpengaudi-dernbach.de\/index.php?rest_route=\/wp\/v2\/pages\/18\/revisions"}],"predecessor-version":[{"id":782,"href":"http:\/\/alpengaudi-dernbach.de\/index.php?rest_route=\/wp\/v2\/pages\/18\/revisions\/782"}],"wp:attachment":[{"href":"http:\/\/alpengaudi-dernbach.de\/index.php?rest_route=%2Fwp%2Fv2%2Fmedia&parent=18"}],"curies":[{"name":"wp","href":"https:\/\/api.w.org\/{rel}","templated":true}]}}